 + -27. Calculate the remainder when 83 is divided by (r - 1) + (0 - -31).
25
Let o be (0 - 0) + -1 + 7. Suppose -3*j - 3 = -o*q + 3*q, 5*q = 3*j + 15. Suppose 0 = -q*g - 6 + 96. Calculate the remainder when 87 is divided by g.
12
Suppose 14*f - 568 = 20. What is the remainder when 335 is divided by f?
41
Suppose -436 - 2195 = -39*q + 3999. Let k = -81 + 139. What is the remainder when q is divided by k?
54
Suppose g = -3*p + 20, -3*p + 14 = -4*g + 2*g. Let i(k) = -k**3 + 6*k**2 + 3*k - 15. What is the remainder when i(p) is divided by 2?
1
Let y(w) = 37*w - 11. Calculate the remainder when y(2) is divided by 13.
11
Suppose 0 = 9*k - 182 + 2. Suppose 5*q = -k, -2*p - 2*q + q = -132. What is the remainder when p is divided by 14?
12
Let b(u) = 10*u - 1. Let m be b(-1). Let k = m - -22. Suppose 7*v = k*v - 44. What is the remainder when v is divided by 6?
5
Suppose 33*f = 30*f + 5*b + 382, 5*f = 2*b + 624. What is the remainder when f is divided by 9?
7
Suppose 3*o - 4 - 8 = 0. Suppose o*q = 3*q - 6. Calculate the remainder when 57 is divided by 4/24 - 71/q.
9
Suppose -2*w = -5*j - 262, 4*w + 55*j = 52*j + 498. Calculate the remainder when w is divided by 34.
24
Suppose 56 = 3*t - 16. Calculate the remainder when 20 is divided by 140/56*t/5.
8
Let p be (-84)/22 - (-4)/(-22). What is the remainder when ((-19)/p)/((-2)/(-8)) is divided by (-43)/(-9) - (-20)/90?
4
Suppose s + s = 0. Suppose 418 = 2*p + 388. Calculate the remainder when 0 + 41 + s + 1 is divided by p.
12
Suppose 3*u - 17 = -4*s + 1, 4*s = 2*u - 32. Suppose 13 + u = -k. Let x = 51 + k. What is the remainder when 111 is divided by x?
27
Suppose -12*a = -39 - 225. What is the remainder when 49 is divided by a?
5
What is the remainder when 29 is divided by (-3 + 2)/(4 + 21/(-5))?
4
What is the remainder when 421 is divided by 3/(-7) + 0 + (-234)/(-7)?
25
Suppose 5*d - 31 - 24 = 0. Let b be 58*((-1)/(-2) + 1). Let v = 129 - b. What is the remainder when v is divided by d?
9
Let m(x) = -x**3 - 7*x**2 - x + 5. What is the remainder when 45 is divided by m(-7)?
9
Let h be 2/4 + 18/12. Let k(q) = q**3 + q**2 - 2*q - 1. Calculate the remainder when 12 is divided by k(h).
5
Suppose 60*r - 62*r = c - 19, 5*r = -6*c + 72. What is the remainder when 298/14 - (-2)/(-7) is divided by r?
3
Let a(d) = -d**3 + 10*d**2 + 10*d + 25. Let s be a(11). What is the remainder when 107 is divided by s/(-8)*(-17 + 1)?
23
Let q be (-2)/(-3)*(-3 - -96). Suppose -10 = -8*j + q. What is the remainder when 25 is divided by j?
7
Suppose 108*s = 111*s - 12. Calculate the remainder when 285 is divided by s.
1
Suppose 0 = -2*p + 4. Suppose -3*z + p*z = -4. Suppose -10*j + 288 = -z*j. Calculate the remainder when j is divided by 10.
8
Let n = -814 + 1099. What is the remainder when n is divided by 70?
5
Suppose 3*a - 4*u - 115 = 0, -3*a - 5*u + 64 = -15. Suppose -4*i + a = -15. Calculate the remainder when 20 is divided by i.
8
Let k = -26 - -108. Let c = k + -35. What is the remainder when c is divided by 12?
11
Let l = -1736 + 1834. What is the remainder when l is divided by 22?
10
Suppose s - b - 9 = 0, 2*b + 2*b = 12. Let k = -5993 - -6001. What is the remainder when s is divided by k?
4
Let q = -78 + 130. Suppose q - 130 = -6*j. What is the remainder when 50 is divided by j?
11
Let f(w) = 20*w**2 - 3*w - 3. Calculate the remainder when 37 is divided by f(-1).
17
Let m = -265 + 271. Calculate the remainder when 40 is divided by m.
4
Let v = 126 - -49. Suppose -4*j = j - v. Calculate the remainder when j is divided by 12.
11
Suppose 0 = -5*a + 2*i + 268, -3*a + 6*a = 5*i + 157. Let u = -2 - 9. Let c(g) = -g**3 - 11*g**2 - 2*g - 8. Calculate the remainder when a is divided by c(u).
12
Let u(b) = -b**2 - 4*b + 4. Suppose -5*k - 6 = -31. Suppose -3*g = -5*z - 13, k*z + 45 = -5*g - 0*z. What is the remainder when 10 is divided by u(g)?
2
Let w = 769 + -445. Suppose 11*v = 15*v - w. Suppose -4*s + 67 = -v. Calculate the remainder when s is divided by 10.
7
Let n(r) = -5*r + 8. Suppose 0 = -6*c + 4*c - 4*x + 36, x = 4. What is the remainder when n(-6) is divided by c?
8
Suppose -x = -6*x - 40. Let v(k) = -k**2 - 10*k - 12. Let g be v(x). Let n(b) = b**2 - 2*b + 5. What is the remainder when 24 is divided by n(g)?
11
Calculate the remainder when 34 is divided by 44/110*(-70)/(-4).
6
Suppose -15*a + 20*a = 3445. Let z = -479 + a. What is the remainder when z is divided by 53?
51
Suppose -c + 27 + 36 = j, -2*c = 4*j - 136. Let v = 19 + c. Suppose v = 3*b - 7. What is the remainder when 82 is divided by b?
26
Suppose -16*h + 70 = -6*h. Calculate the remainder when 24 is divided by h.
3
Let a be 6 + -4 + 0 + (-1 - 52). Let o = a - -61. Calculate the remainder when 98 is divided by o.
8
Suppose s - 17 = -l + 30, s = 0. What is the remainder when 160 is divided by l?
19
Let v(g) = 13*g - 16. Let a be v(1). Let x(z) = -6*z. Let d(s) = 12*s. Let q(t) = 2*d(t) + 5*x(t). Calculate the remainder when 70 is divided by q(a).
16
What is the remainder when 59 is divided by (9/(-54))/((-3354)/1116 - -3)?
28
Let w be (-18)/(-36) + 19/2. Let j(p) = -p**3 + p**2 + 2*p + 4. Calculate the remainder when j(-3) is divided by (-6)/5*(-6)/8*w.
7
Suppose 0 = 10*y + 249 - 1569. What is the remainder when y is divided by 24?
12
Suppose -2*u + 2 = -3*u. Calculate the remainder when (((-336)/35)/4)/(3/(-10)) is divided by -2 + (u - (-6)/1).
0
Suppose -241*t - 83 = -242*t. What is the remainder when 1739 is divided by t?
79
Let n(g) = g**3 - 8*g**2 - 9*g + 5. Let x be n(9). Suppose x*j = 495 - 105. Calculate the remainder when j is divided by 20/(1 + 0) + 0.
18
Let m(u) = 5*u**2 + u + 2. Suppose f + 11 = -2*c + 5, 0 = 2*f + 8. Calculate the remainder when 10 is divided by m(c).
4
Calculate the remainder when 165 is divided by 1/((9/(-145))/(-9)).
20
Let v(p) = 38*p - 139. Calculate the remainder when v(12) is divided by 29.
27
Suppose 4*l - 48 = l. Suppose -5*q + w + 10 = 0, -2*q + l = 2*w - 0*w. Calculate the remainder when -57*(0 - (4 - q)) is divided by 20.
17
Let y be (-3)/2*(-1 + -1). Let n = y + 0. Suppose -12 = -n*c, -f = 2*c - 20 - 8. Calculate the remainder when 39 is divided by f.
19
Suppose -3*z - 356 = z. Let t = -52 - z. What is the remainder when t is divided by 10?
7
Let l(s) be the first derivative of s**3/3 + 7*s**2/2 - 11*s + 20. Calculate the remainder when l(-12) is divided by 11.
5
Suppose -23*r - 5*h - 30 = -24*r, 3*r - h = 20. Let g(c) = c + 8. What is the remainder when r is divided by g(-4)?
1
Let z = -30 + 37. What is the remainder when 27 is divided by z?
6
Suppose -3 = 3*z, 0 = c - 0*z + 3*z - 27. Let m = 39 + 15. Calculate the remainder when m is divided by c.
24
Calculate the remainder when (-1 + 5)*(-2280)/(-48) is divided by 64.
62
Calculate the remainder when (-594)/3*2/(-3) is divided by 23.
17
What is the remainder when 49 is divided by (11 + -16)/(5/(-12))?
1
Suppose -4*q + 221 = 97. Let r(s) = -6*s**2 - 2*s - 3. Let c be r(-2). Let o = q + c. Calculate the remainder when 31 is divided by o.
7
Let p = 16 + -8. Suppose -p = t - 3. Let v(z) = -3*z - 3. What is the remainder when 22 is divided by v(t)?
10
Let h be 2 + (-2)/(-4)*-2. Let c be -1 - h/((-4)/(-8)). Calculate the remainder when 5 is divided by (-13)/(-4) + c/(-4).
1
Let n(v) = -7*v**3 - 2*v**2 - 3*v - 1. What is the remainder when 75 is divided by n(-1)?
5
Let r(b) = 11 + 4*b + 4 + 4*b - 11. Let j(n) = -5*n**3 - n**2 + n + 1. Let d be j(-1). Calculate the remainder when r(d) is divided by 13.
10
Let p(a) = -4*a + 11. Let c be p(3). Let z be c - -2 - (7 + 1). Let b = 14 - z. What is the remainder when 61 is divided by b?
19
Let w be ((-6)/5)/((-4)/(-20)). Let b be (-4)/w + (-1521)/(-27). Let k = b - 25. What is the remainder when k is divided by 12?
8
Suppose 4*r - 482 = -4*l + 350, r - 212 = -2*l. Let n be (-10)/(-4)*r/15. Suppose i + i - n = 0. Calculate the remainder when 50 is divided by i.
16
Let g(x) be the third derivative of 26*x**4/3 - x**3/3 - x**2. Let t be g(2). Suppose -t - 41 = -5*j. Calculate the remainder when j is divided by 23.
22
Let t = 43 - 28. Let f = -7 + 17. Calculate the remainder when 564/t - (-4)/10 is divided by f.
8
Let p(f) = f**2 + 24*f + 114. Calculate the remainder when 163 is divided by p(-20).
27
Suppose 6*l - 1422 = -12*l.